{"id":89,"date":"2024-12-22T20:24:03","date_gmt":"2024-12-22T20:24:03","guid":{"rendered":"https:\/\/www.seir.no\/?page_id=89"},"modified":"2024-12-24T03:31:26","modified_gmt":"2024-12-24T03:31:26","slug":"linefiske-2","status":"publish","type":"page","link":"https:\/\/www.seir.no\/?page_id=89","title":{"rendered":"Linefiske"},"content":{"rendered":"\n<figure class=\"wp-block-image size-large\"><img loading=\"lazy\" decoding=\"async\" width=\"1024\" height=\"772\" src=\"https:\/\/www.seir.no\/wp-content\/uploads\/2024\/12\/Batdap-1024x772.jpg\" alt=\"\" class=\"wp-image-12\" srcset=\"https:\/\/www.seir.no\/wp-content\/uploads\/2024\/12\/Batdap-1024x772.jpg 1024w, https:\/\/www.seir.no\/wp-content\/uploads\/2024\/12\/Batdap-300x226.jpg 300w, https:\/\/www.seir.no\/wp-content\/uploads\/2024\/12\/Batdap-768x579.jpg 768w, https:\/\/www.seir.no\/wp-content\/uploads\/2024\/12\/Batdap-1536x1159.jpg 1536w, https:\/\/www.seir.no\/wp-content\/uploads\/2024\/12\/Batdap.jpg 1750w\" sizes=\"auto, (max-width: 1024px) 100vw, 1024px\" \/><\/figure>\n\n\n<div class=\"is-root-container is-desktop-preview is-layout-flow wp-block-post-content block-editor-block-list__layout\">\n<div id=\"block-7cf4b498-8220-4307-9a44-4ac61f096408\" class=\"block-editor-block-list__block wp-block wp-block-freeform\" tabindex=\"0\" role=\"document\" aria-label=\"Blokk: Klassisk\" data-block=\"7cf4b498-8220-4307-9a44-4ac61f096408\" data-type=\"core\/freeform\" data-title=\"Klassisk\">\n<div id=\"toolbar-7cf4b498-8220-4307-9a44-4ac61f096408\" class=\"block-library-classic__toolbar\" data-placeholder=\"Klassisk\"><strong>Linefiske for h\u00f8y kvalitet<\/strong><\/div>\n<div id=\"editor-7cf4b498-8220-4307-9a44-4ac61f096408\" class=\"wp-block-freeform block-library-rich-text__tinymce mce-content-body html5-captions\" contenteditable=\"true\">\n<p>Linefiske med botnline eller fl\u00f8ytline er en tradisjonell og sv\u00e6rt utbredt form for fiske i<br \/>Norge. Denne form for fiske er den som gir den absolutt beste kvaliteten p\u00e5 fisken.<br \/>Linefiske en milj\u00f8vennlig fiskemetode, fordi den er selektiv i forhold til art og st\u00f8rrelse, i liten grad skader havbunnen og gir fangst av h\u00f8y kvalitet med relativt lite drivstofforbruk.<br \/>Fra en utvikling med \u00e5pne dekksb\u00e5ter p\u00e5 60 tallet, har vi i dag effektive lukkede autolineb\u00e5ter med topp man\u00f8vreringsevne der fokus p\u00e5 kvalitet p\u00e5 produktet og sikkerhet for mannskap er i aller h\u00f8yest grad ivaretatt.<br \/>Linefanget fisk er den fisken som holder best kvalitet n\u00e5r den kommer inn i b\u00e5ten. Dette forutsetter at mannskapet er kompetente og har interesse for faget, samt at de l\u00e6rer produksjonsprosessen om bord inng\u00e5ende \u00e5 kjenne. Vi har v\u00e6rt heldige som har greid \u00e5 beholde og rekruttere folk som har vokst opp i fiskermilj\u00f8, og har kontinuerlig pr\u00f8vd \u00e5 forbedre og utvikle b\u00e5de fart\u00f8y og v\u00e5re ansatte etter tilbakemeldinger vi f\u00e5r fra v\u00e5re kunder.<br \/>Vi bygde ein ny topp moderne autolineb\u00e5t i 2018, som blant annet er utstyrt med moonpool, stor og effektiv fabrikk, truck i rommet og fleire moderne l\u00f8sninger som skal gjere oss i stand til \u00e5 produsere r\u00e5stoff av ypperste kvalitet og samtidig ta vare p\u00e5 mannskapet v\u00e5rt i mange \u00e5r framover.<br \/><br \/><br \/><\/p>\n<\/div>\n<\/div>\n<p id=\"block-7c0c7ae6-c11e-496a-8760-edbc86ee789a\" class=\"block-editor-rich-text__editable block-editor-block-list__block wp-block wp-block-paragraph rich-text\" role=\"document\" contenteditable=\"true\" aria-multiline=\"true\" aria-label=\"Blokk: Avsnitt\" data-block=\"7c0c7ae6-c11e-496a-8760-edbc86ee789a\" data-type=\"core\/paragraph\" data-title=\"Avsnitt\" data-empty=\"false\" data-wp-block-attribute-key=\"content\">\u00a0<\/p>\n<\/div>\n\n\n<figure class=\"wp-block-image size-full\"><img loading=\"lazy\" decoding=\"async\" width=\"720\" height=\"960\" src=\"https:\/\/www.seir.no\/wp-content\/uploads\/2024\/12\/Moonpool1.jpg\" alt=\"\" class=\"wp-image-10\" srcset=\"https:\/\/www.seir.no\/wp-content\/uploads\/2024\/12\/Moonpool1.jpg 720w, https:\/\/www.seir.no\/wp-content\/uploads\/2024\/12\/Moonpool1-225x300.jpg 225w\" sizes=\"auto, (max-width: 720px) 100vw, 720px\" \/><\/figure>\n\n\n\n<p id=\"block-79c715b7-0bc8-4615-8035-c3f5b60b9e62\"><strong>\u00abMoonpoolen om bord i v\u00e5rt nye autolinefart\u00f8y M\/S SEIR\u00bb Dette var ei nyvinning som GEIR reiarlaget i lag med fleire utvikla tilbake p\u00e5 tidlig 2000-talet som har bidratt til \u00e5 auke kvaliteten p\u00e5 fisken vi fanger, og samtidig auke sikkerheten for mannskapet.<\/strong><br><br>For \u00e5 tilfredsstille kravene til forbrukerne m\u00e5 fisken komme inn i b\u00e5ten sprell levende. Den m\u00e5 ikke utsettes for noe klem eller slag f\u00f8r den er utbl\u00f8dd. Utbl\u00f8dningen m\u00e5 skje i vann som har noenlunde samme temperatur som ved havbunnen. Fisken m\u00e5 ikke sl\u00f8yes eller kappes f\u00f8r utbl\u00f8dningen er ferdig.<br>P\u00e5 HG kappet fisk (det vil si den fisken som sl\u00f8yes) m\u00e5 innvoller fjernes omhyggelig og hode kappes korrekt. Fisken blir sortert av automatisk grader, og fryselinjene har automatisk t\u00f8mming. Deretter blir den sortert og ferdig palletert i v\u00e5rt fryserom. Dette gir kundene v\u00e5re fisk av ypperste kvalitet i retur!<br><\/p>\n\n\n\n<figure class=\"wp-block-image size-full\"><img loading=\"lazy\" decoding=\"async\" width=\"960\" height=\"720\" src=\"https:\/\/www.seir.no\/wp-content\/uploads\/2024\/12\/Kvalitetskurs-hos-Otto.jpg\" alt=\"\" class=\"wp-image-11\" srcset=\"https:\/\/www.seir.no\/wp-content\/uploads\/2024\/12\/Kvalitetskurs-hos-Otto.jpg 960w, https:\/\/www.seir.no\/wp-content\/uploads\/2024\/12\/Kvalitetskurs-hos-Otto-300x225.jpg 300w, https:\/\/www.seir.no\/wp-content\/uploads\/2024\/12\/Kvalitetskurs-hos-Otto-768x576.jpg 768w\" sizes=\"auto, (max-width: 960px) 100vw, 960px\" \/><\/figure>\n\n\n\n<p id=\"block-79c715b7-0bc8-4615-8035-c3f5b60b9e62\"><\/p>\n\n\n\n<p id=\"block-7c0c7ae6-c11e-496a-8760-edbc86ee789a\">Her er v\u00e5re fabrikkfolk p\u00e5 kvalitetskurs hos Otto Giske\u00f8deg\u00e5rd, ein viktig og sv\u00e6rt flink mann for den norske fiskerifl\u00e5ten. Slike tiltak er noe vi prioritere sv\u00e6rt h\u00f8gt, og i lag med tilbakemeldinger fra kunder setter dette oss i stand til \u00e5 levere r\u00e5stoff av ypperste kvalitet.<\/p>\n","protected":false},"excerpt":{"rendered":"<p>Linefiske for h\u00f8y kvalitet Linefiske med botnline eller fl\u00f8ytline er en tradisjonell og sv\u00e6rt utbredt form for fiske iNorge. Denne form for fiske er den som gir den absolutt beste kvaliteten p\u00e5 fisken.Linefiske en milj\u00f8vennlig fiskemetode, fordi den er selektiv i forhold til art og st\u00f8rrelse, i liten grad skader havbunnen og gir fangst av [&hellip;]<\/p>\n","protected":false},"author":2,"featured_media":0,"parent":0,"menu_order":0,"comment_status":"closed","ping_status":"closed","template":"","meta":{"footnotes":""},"class_list":["post-89","page","type-page","status-publish","hentry","post"],"_links":{"self":[{"href":"https:\/\/www.seir.no\/index.php?rest_route=\/wp\/v2\/pages\/89","targetHints":{"allow":["GET"]}}],"collection":[{"href":"https:\/\/www.seir.no\/index.php?rest_route=\/wp\/v2\/pages"}],"about":[{"href":"https:\/\/www.seir.no\/index.php?rest_route=\/wp\/v2\/types\/page"}],"author":[{"embeddable":true,"href":"https:\/\/www.seir.no\/index.php?rest_route=\/wp\/v2\/users\/2"}],"replies":[{"embeddable":true,"href":"https:\/\/www.seir.no\/index.php?rest_route=%2Fwp%2Fv2%2Fcomments&post=89"}],"version-history":[{"count":2,"href":"https:\/\/www.seir.no\/index.php?rest_route=\/wp\/v2\/pages\/89\/revisions"}],"predecessor-version":[{"id":92,"href":"https:\/\/www.seir.no\/index.php?rest_route=\/wp\/v2\/pages\/89\/revisions\/92"}],"wp:attachment":[{"href":"https:\/\/www.seir.no\/index.php?rest_route=%2Fwp%2Fv2%2Fmedia&parent=89"}],"curies":[{"name":"wp","href":"https:\/\/api.w.org\/{rel}","templated":true}]}}