{"id":54,"date":"2024-12-22T18:38:08","date_gmt":"2024-12-22T18:38:08","guid":{"rendered":"https:\/\/www.seir.no\/?page_id=54"},"modified":"2024-12-29T18:19:37","modified_gmt":"2024-12-29T18:19:37","slug":"historie","status":"publish","type":"page","link":"https:\/\/www.seir.no\/?page_id=54","title":{"rendered":"Historie"},"content":{"rendered":"\n<p style=\"font-size:14px\"><strong>SEIR M-124-B bygd 1919:<\/strong><br><\/p>\n\n\n\n<figure class=\"wp-block-image size-large\"><img loading=\"lazy\" decoding=\"async\" width=\"1024\" height=\"702\" src=\"https:\/\/www.seir.no\/wp-content\/uploads\/2024\/12\/SEIR-1919-1024x702.jpg\" alt=\"\" class=\"wp-image-31\" srcset=\"https:\/\/www.seir.no\/wp-content\/uploads\/2024\/12\/SEIR-1919-1024x702.jpg 1024w, https:\/\/www.seir.no\/wp-content\/uploads\/2024\/12\/SEIR-1919-300x206.jpg 300w, https:\/\/www.seir.no\/wp-content\/uploads\/2024\/12\/SEIR-1919-768x526.jpg 768w, https:\/\/www.seir.no\/wp-content\/uploads\/2024\/12\/SEIR-1919.jpg 1065w\" sizes=\"auto, (max-width: 1024px) 100vw, 1024px\" \/><\/figure>\n\n\n<p>Kontrakt skrevet med R.P. Sten\u00f8degaard, Vestnes den 6.mai 1919 p\u00e5 en dekksfiskekutter i sluppfasong. Lengste lengde skal vere 50 fot bredde 14\u201910\u2019\u2019.<\/p>\n<p>Ny 40 hk Bolinder.<\/p>\n<p>Planlagt levering fr\u00e5 verftet i midten av november 1919.<\/p>\n<p>Eigara Johan B. Urkedal, Elias P. Urkedal og Hans Urkedal. Alle fr\u00e5 Grytastranda.<\/p>\n<p>Registrert 1920 som M-124-B.<\/p>\n<p>I 1928 er desse eigara: Johan B. Urkedal, Petter B. Urkedal, Hans N. Urkedal og Sverre Gjerset. Alle Grytastranda.<\/p>\n<p>I 1931 installert ei 40 hk Union.<\/p>\n<p>Forleng i 1938 til 57,6 reg.fot ved S\u00f8ren Frostad, Tomrefjord. Peder Ferhagen kjem med som eigar. Omd\u00f8ypt Seir I.<\/p>\n<p>I 1949 installert ei 100 hk Brunvoll.<\/p>\n<p>I 1964 omregistrert til M-104-H.<\/p>\n<p>I 1968 kondemnert.<\/p>\n\n\n<p><br><strong>SEIR M-124-H bygd 1968:<\/strong><\/p>\n\n\n\n<figure class=\"wp-block-image size-large\"><img loading=\"lazy\" decoding=\"async\" width=\"1024\" height=\"773\" src=\"https:\/\/www.seir.no\/wp-content\/uploads\/2024\/12\/Seir-1968-1024x773.png\" alt=\"\" class=\"wp-image-30\" srcset=\"https:\/\/www.seir.no\/wp-content\/uploads\/2024\/12\/Seir-1968-1024x773.png 1024w, https:\/\/www.seir.no\/wp-content\/uploads\/2024\/12\/Seir-1968-300x227.png 300w, https:\/\/www.seir.no\/wp-content\/uploads\/2024\/12\/Seir-1968-768x580.png 768w, https:\/\/www.seir.no\/wp-content\/uploads\/2024\/12\/Seir-1968.png 1095w\" sizes=\"auto, (max-width: 1024px) 100vw, 1024px\" \/><\/figure>\n\n\n\n<p>Bygd 1968 som SEIR M-124-H ved Langsten Slip &amp; B\u00e5tbyggeri A\/S, Tomrefjorden<\/p>\n\n\n\n<p>Eigara Noralf Gjerset, Borge Urkedal og Oddvar Urkedal, Grytastranda.<\/p>\n\n\n\n<p>Lengda var 87,3 fot lengste lengde og installert ei 400 hk Callesen.<\/p>\n\n\n\n<p>I 1980 ombygd og forlengt til 32,22 meter ved Solstrand Slip &amp; B\u00e5tbyggeri.<\/p>\n\n\n\n<p>Seld i 1986 til Eivind og Odd Johan Horremsbakk, Aukra og omd\u00f8ypt<\/p>\n\n\n\n<p>Aukrav\u00e6ring M-124-AK.<\/p>\n\n\n\n<p>Ankom Br.Anda, Stavanger april 1991 og blei opphogd.<\/p>\n\n\n\n<p><br><strong>SEIR M-104-H bygd 1986:<\/strong><\/p>\n\n\n\n<figure class=\"wp-block-image size-full\"><img loading=\"lazy\" decoding=\"async\" width=\"800\" height=\"533\" src=\"https:\/\/www.seir.no\/wp-content\/uploads\/2024\/12\/Seir-bygd-1986-ved-kaia-var.jpg\" alt=\"\" class=\"wp-image-27\" srcset=\"https:\/\/www.seir.no\/wp-content\/uploads\/2024\/12\/Seir-bygd-1986-ved-kaia-var.jpg 800w, https:\/\/www.seir.no\/wp-content\/uploads\/2024\/12\/Seir-bygd-1986-ved-kaia-var-300x200.jpg 300w, https:\/\/www.seir.no\/wp-content\/uploads\/2024\/12\/Seir-bygd-1986-ved-kaia-var-768x512.jpg 768w, https:\/\/www.seir.no\/wp-content\/uploads\/2024\/12\/Seir-bygd-1986-ved-kaia-var-272x182.jpg 272w\" sizes=\"auto, (max-width: 800px) 100vw, 800px\" \/><\/figure>\n\n\n\n<p>Bygd i 1986 som Seir M-104-H ved Solstrand Slip &amp; B\u00e5tbyggeri A\/S, Tomrefjorden.<\/p>\n\n\n\n<p>Eigara Noralf Gjerset, Borge Urkedal og Oddvar Urkedal, Grytastranda.<\/p>\n\n\n\n<p>Lengde 29,8 meter og bredde 8,00 meter. Installert ei ny 675 hk Mitsubishi.<\/p>\n\n\n\n<p>I 1988 forlengt til 31,8 meter ved Solstrand.<\/p>\n\n\n\n<p>I 1992 forlengt til 38,78 meter ved Solstrand og installert ei 1000 hk Mitsubishi.<\/p>\n\n\n\n<p>1.1.2007 seld til Kamaro A\/S, omd\u00f8ypt til Kamaro.<\/p>\n\n\n\n<p><br><strong>SEIR M-124-H bygd 2000:<\/strong><\/p>\n\n\n\n<figure class=\"wp-block-image size-full\"><img loading=\"lazy\" decoding=\"async\" width=\"960\" height=\"720\" src=\"https:\/\/www.seir.no\/wp-content\/uploads\/2024\/12\/Seir-2000.jpg\" alt=\"\" class=\"wp-image-29\" srcset=\"https:\/\/www.seir.no\/wp-content\/uploads\/2024\/12\/Seir-2000.jpg 960w, https:\/\/www.seir.no\/wp-content\/uploads\/2024\/12\/Seir-2000-300x225.jpg 300w, https:\/\/www.seir.no\/wp-content\/uploads\/2024\/12\/Seir-2000-768x576.jpg 768w\" sizes=\"auto, (max-width: 960px) 100vw, 960px\" \/><\/figure>\n\n\n\n<p>Bygd i 2000 som S\u00e6tring M-123-SA for S\u00e6tring A\/S ved Larsnes Mek Verksted A\/S, Larsnes.<\/p>\n\n\n\n<p>Lengda var 39,94 meter bredde 10,60 meter.<\/p>\n\n\n\n<p>Installert ei ny 1300 hk Yanmar.<\/p>\n\n\n\n<p>Overtatt av Seir AS den 1.1.2007.<\/p>\n\n\n\n<p>Registrert som Seir M-124-H i 2007.<\/p>\n\n\n\n<p>15.08.2017 seld til Koralfjord AS i Brattv\u00e5g og omd\u00f8ypt Koralhav.<\/p>\n\n\n\n<p><br><strong>SEIR M-104-H bygd 2018:<\/strong><\/p>\n\n\n\n<figure class=\"wp-block-image size-large\"><img loading=\"lazy\" decoding=\"async\" width=\"1024\" height=\"576\" src=\"https:\/\/www.seir.no\/wp-content\/uploads\/2024\/12\/SEIR-2018-1024x576.jpg\" alt=\"\" class=\"wp-image-28\" srcset=\"https:\/\/www.seir.no\/wp-content\/uploads\/2024\/12\/SEIR-2018-1024x576.jpg 1024w, https:\/\/www.seir.no\/wp-content\/uploads\/2024\/12\/SEIR-2018-300x169.jpg 300w, https:\/\/www.seir.no\/wp-content\/uploads\/2024\/12\/SEIR-2018-768x432.jpg 768w, https:\/\/www.seir.no\/wp-content\/uploads\/2024\/12\/SEIR-2018-1536x864.jpg 1536w, https:\/\/www.seir.no\/wp-content\/uploads\/2024\/12\/SEIR-2018.jpg 2048w\" sizes=\"auto, (max-width: 1024px) 100vw, 1024px\" \/><\/figure>\n\n\n\n<p>Bygd i 2018 ved Vaagland B\u00e5tbyggeri AS i Halsa kommune p\u00e5 Nordm\u00f8re for Seir AS.<\/p>\n\n\n\n<p>Lengde 53,10 meter og bredde 12,80 meter.<\/p>\n\n\n\n<p>3 stk Yanmar p\u00e5 1920KW, 750KW og 287KW<\/p>\n\n\n\n<p>D\u00e5p 29.09.2018<\/p>\n","protected":false},"excerpt":{"rendered":"<p>SEIR M-124-B bygd 1919: Kontrakt skrevet med R.P. Sten\u00f8degaard, Vestnes den 6.mai 1919 p\u00e5 en dekksfiskekutter i sluppfasong. Lengste lengde skal vere 50 fot bredde 14\u201910\u2019\u2019. Ny 40 hk Bolinder. Planlagt levering fr\u00e5 verftet i midten av november 1919. Eigara Johan B. Urkedal, Elias P. Urkedal og Hans Urkedal. Alle fr\u00e5 Grytastranda. Registrert 1920 som [&hellip;]<\/p>\n","protected":false},"author":2,"featured_media":0,"parent":0,"menu_order":0,"comment_status":"closed","ping_status":"closed","template":"","meta":{"footnotes":""},"class_list":["post-54","page","type-page","status-publish","hentry","post"],"_links":{"self":[{"href":"https:\/\/www.seir.no\/index.php?rest_route=\/wp\/v2\/pages\/54","targetHints":{"allow":["GET"]}}],"collection":[{"href":"https:\/\/www.seir.no\/index.php?rest_route=\/wp\/v2\/pages"}],"about":[{"href":"https:\/\/www.seir.no\/index.php?rest_route=\/wp\/v2\/types\/page"}],"author":[{"embeddable":true,"href":"https:\/\/www.seir.no\/index.php?rest_route=\/wp\/v2\/users\/2"}],"replies":[{"embeddable":true,"href":"https:\/\/www.seir.no\/index.php?rest_route=%2Fwp%2Fv2%2Fcomments&post=54"}],"version-history":[{"count":6,"href":"https:\/\/www.seir.no\/index.php?rest_route=\/wp\/v2\/pages\/54\/revisions"}],"predecessor-version":[{"id":115,"href":"https:\/\/www.seir.no\/index.php?rest_route=\/wp\/v2\/pages\/54\/revisions\/115"}],"wp:attachment":[{"href":"https:\/\/www.seir.no\/index.php?rest_route=%2Fwp%2Fv2%2Fmedia&parent=54"}],"curies":[{"name":"wp","href":"https:\/\/api.w.org\/{rel}","templated":true}]}}